 x(w) be the first derivative of 2*w**3/3 - 7*w**2/2 + 4*w - 9. Determine x(4).
8
Let i(n) = n**2 - 10*n + 12. Let a be i(9). Suppose 4*j + 4*w + 8 = 0, a*w + 5 + 1 = 4*j. Let x(q) = -q**2 + q - 12. What is x(j)?
-12
Let h(f) = -5*f + f**2 - 1 + 4 - 1. Suppose -2*v + 10 = 3*v. Determine h(v).
-4
Let m(u) = 2. Let a(z) = -2. Let j(i) = -3*a(i) - 4*m(i). Let l(t) = -t + 5. Let f(q) = -5*j(q) - 2*l(q). Let k = 7 - 4. Give f(k).
6
Let k = -25 - -30. Let l(q) = q**2 - 4*q - 2. Let j be l(6). Suppose -k*v + z - 15 = -z, -2*z = -4*v - j. Let c(t) = -t - 5. Calculate c(v).
0
Let o(q) = -6*q**3 + q**2 - 1. Suppose -5*j + 22 = -2*l, 4*j - 17 = -3*l - j. Let h be l/(-2) + (-2)/(-4). Calculate o(h).
-6
Let v(z) be the third derivative of 1/2*z**3 + 1/120*z**6 + 2*z**2 + 0*z + 0*z**4 + 0*z**5 + 0. What is v(0)?
3
Let u = 4 + 0. Let a(k) be the third derivative of 3*k**2 + 0*k + 0 + 1/12*k**5 + 1/3*k**3 - 5/24*k**4 - 1/120*k**6. Give a(u).
-2
Let y(x) = -2*x. Suppose -4*t + 8 = -0*t - 3*j, 0 = t + 5*j - 2. Give y(t).
-4
Let t(g) = -g**2 - g + 1. Let h(d) = 4*d**2 + 4*d - 4. Let l(u) = h(u) + 5*t(u). Suppose -2*r = 34 - 28. Calculate l(r).
-5
Let s(a) be the second derivative of a**4/12 + a**3/3 - 5*a. Let i be 4/(-18) - (-47)/9. Suppose 5*p = -2*z + 2*p - 10, 3*p = i*z + 4. What is s(z)?
0
Let d(j) be the third derivative of -j**7/1260 - j**6/360 + j**4/8 + 5*j**2. Let p(q) be the second derivative of d(q). Determine p(-3).
-12
Let c(p) be the first derivative of -3*p**4/4 + 2*p**3/3 + p**2 + p - 1. Let g be c(-1). Let r(f) = g - 2*f + 6*f - f**2 - 2*f. Determine r(4).
-4
Let a(t) be the third derivative of t**6/120 + t**5/15 - 5*t**4/24 - t**3 - t**2 + 38*t. What is a(-5)?
-6
Let l(t) = 6*t**2 + 3*t + 7 - 3*t + 3*t - t**3 - 8*t. Calculate l(5).
7
Suppose 0*i + i + 5 = 2*f, -2*f = 3*i - 9. Let o(w) = -6*w**2 - 1 + 7 - w**f + 2*w**2 + 6*w. Suppose 3*j + 2*b = -3*b - 30, -4*b - 27 = 3*j. Calculate o(j).
1
Let i(p) be the third derivative of -p**7/2520 - p**6/240 + p**5/30 + 4*p**2. Let g(d) be the third derivative of i(d). Give g(-4).
5
Let n = 12 - 10. Let w(c) = 49*c**2 + 1 + 0 - 47*c**2 + 2*c**3 + n*c. Determine w(-1).
-1
Let v(p) be the first derivative of p + 0*p**2 + 1 + 2/3*p**3. Determine v(1).
3
Let u = -5 + 4. Let q(s) = s**3 + 9*s**3 + 1 - 5*s**3 + 2*s**3. Give q(u).
-6
Let v(u) = -u. Let g(m) = -m + 4. Let q(x) = -5*x + 17. Let t(n) = -26*g(n) + 6*q(n). Let i(s) = -2*t(s) + 6*v(s). Give i(-4).
-4
Let m(k) be the first derivative of k**2/2 - 2*k + 1. Suppose 6*y + 6 = 4*y. Give m(y).
-5
Let r be (-8)/10 + 96/(-30). Let u(y) = y**3 + 3*y**2 - 2*y - 6. Calculate u(r).
-14
Let q(z) = -13*z + 2 + 2 - 3 + 5*z. Suppose d + 0 = 5, 2*n + 3 = d. Determine q(n).
-7
Let z(c) = -2*c - 3*c - 4*c**2 + 1 + 3*c**2. Suppose -10 - 10 = 5*f. Determine z(f).
5
Let s(k) = k**3 - 5*k**2 - 2*k + 6. Suppose -x = -l + 3*x + 17, 5 = 4*l + 5*x. Give s(l).
-4
Let h(j) be the second derivative of -j**4/12 + 4*j**3/3 - 2*j**2 + j. Let s be h(8). Let a(l) = l**3 + 3*l**2 - 6*l - 5. What is a(s)?
3
Let q(u) = 4*u - 5. Suppose w - 17 + 13 = 0. Calculate q(w).
11
Suppose 2*h + 3 = -7. Let d(m) = 3 - 2*m + 5*m**2 - 2*m - 2*m + 0. Let c(k) = 9*k**2 - 12*k + 5. Let g(i) = 6*c(i) - 11*d(i). Determine g(h).
2
Let s(b) = -4*b - 8. Let c(m) = 3*m + 7. Let q(u) = 5*c(u) + 4*s(u). Calculate q(-5).
8
Let j = 1 + 1. Suppose 0*t + j*t - 16 = 0. Let n(v) = v**2 - 2*v**2 - t - v + 7. Determine n(-2).
-3
Let u(y) = -2*y + 6*y + 0*y - 2*y + 2. What is u(-5)?
-8
Let l(r) = r**3 - 5*r**2 + 3*r - 1. Suppose -3*t = 38 - 149. Suppose 5*u = 2 - t. Let o = u + 11. Calculate l(o).
-5
Let x(l) = -l**2 + 7*l - 1. Suppose 0 = 5*t + q - 0*q - 26, 4*q = -2*t - 4. Give x(t).
5
Let r(s) = -s**2 - 6*s + 4. Let u be r(-6). Suppose -9 = -b - u. Let l(n) = -2*n**2 + 0 - n + 4 - 3*n**2 + n**3. What is l(b)?
-1
Let o = -6 + 8. Let p(m) = 2*m**2 + 3*m + 5*m - 10*m - 2*m**3. Give p(o).
-12
Let q(b) = -2*b - 4. Let n(z) = z**3 + 10*z**2 + 10*z + 7. Let c be n(-9). Let l be q(c). Let w(h) = -h**2 + h - 8. Determine w(l).
-8
Let h(t) be the first derivative of -t**3/6 + 3*t + 1. Let x(m) be the first derivative of h(m). Calculate x(3).
-3
Let i(o) = 2*o + 1 + 2*o**2 - 2 - 63*o**3 + 62*o**3. Give i(-2).
11
Let o(g) = 13*g - 1. Let v(a) = a**2 + 9*a + 15. Let m = 5 + -12. Let b be v(m). Determine o(b).
12
Let t(j) be the first derivative of 3*j**4/4 - j**3/3 + 2. Calculate t(1).
2
Let l(o) = -6*o - 1 + 3*o + 4 + 2. Let i(c) = -c**3 - 8*c**2 - 9*c - 9. Let u be i(-7). Let r = 9 - u. Calculate l(r).
-7
Let b(j) = j**3 - j**2 + j - 7. Suppose -n = -5*a - 15, 21 = -n - 2*a - 2*a. Let h = n + 11. Suppose h*f = 2*f. Determine b(f).
-7
Let i(x) be the second derivative of x**5/20 + x**4/12 + x**3/6 - x**2/2 + 18*x. Calculate i(1).
2
Let x(n) = n + 1. Suppose -2*k = -3*m + 3, 8 = m + 3*k - 6*k. Give x(m).
0
Let b = -27 + 42. Let z = b + -11. Let c(y) = -y + 5*y - y - 5. Give c(z).
7
Let d(u) = -2*u**2 + 4*u - 14 + 15 + 2*u + 3*u**2. Let y(b) = -b**2 - 9*b + 6. Let w be y(-8). Suppose -3*r = 2*r + 3*g + w, 4*r - g + 18 = 0. Give d(r).
-7
Let x = -18 + 30. Suppose 3*l + x = -l. Let i(s) be the first derivative of 2*s**2 + 4*s + 1. What is i(l)?
-8
Let a(y) be the second derivative of y**8/6720 + y**7/630 - y**5/60 - y**4/12 - 4*y. Let z(u) be the third derivative of a(u). Give z(-3).
7
Let r(j) = j**2 + 6. Let f(u) = -u**2 - 7. Let z(b) = -2*f(b) - 3*r(b). Determine z(3).
-13
Let p(m) = -m**3 - 3*m + 3. Suppose -k = o + 1, -4 + 6 = k - 2*o. Suppose -4*c + 5*f + 13 = 0, -c - 2*f = -k*c. Calculate p(c).
-11
Let h(s) = s**3 - 8*s**2 + s - 4. Let x be h(8). Let q(p) = 7*p**2 + p - p**2 - 3 - p**2 - x*p**2. Give q(-3).
3
Suppose -4*b - 7*b - 10*b = 0. Let q(j) = j - 1 + 1. Give q(b).
0
Let k(r) = -r + 1. Let q be 1/(0 + 3/(-6)). Calculate k(q).
3
Let o(t) be the second derivative of -t**5/20 + t**4/3 + 7*t**3/6 - 3*t**2 + 9*t. Determine o(5).
4
Suppose 16*w - 6 = 42. Let s(i) = -2*i**2 + 5*i - 3. Determine s(w).
-6
Let t(h) = -h**3 + h**2 + 6. Let y = 10 + -10. What is t(y)?
6
Let n(l) = -l**3 + 7*l**2 + 5*l - 4. Let w = 108 + -101. Give n(w).
31
Let a(l) = 3*l - 17. Let y be a(5). Let c(p) = -2*p - 3. Give c(y).
1
Let r(c) = 0 + c**3 - 1 - c**2 - 2*c**2. Let a = -25 - -27. Calculate r(a).
-5
Let f be 4/(-10) - 22/(-5). Let y(t) = t**2 + 2*t + 1. Let o be y(-1). Let q(r) = 2 + o*r - 2*r + 2. What is q(f)?
-4
Let u(c) = 154 + 148 + 10*c - 313 - c**2. What is u(9)?
-2
Let k = -6 - -8. Let m(u) be the third derivative of -u**5/60 + u**4/12 - 46*u**2. What is m(k)?
0
Let t(b) = 52*b - 104*b + 53*b - 9. What is t(7)?
-2
Let k(b) = b**2 - b - 6. Let y(v) be the first derivative of v**3/3 - 2*v**2 + 3*v + 1. Suppose -h + 3*h - 6 = 0. Let o be y(h). Give k(o).
-6
Let u be (-39)/(-9) + 1/(-3). Let f(v) = -5*v**2 + 0*v**2 - u*v - 4 + 4*v**2. Determine f(-3).
-1
Let u(j) = 6*j**2 + 13*j - 5. Let d(p) = 5*p**2 + 12*p - 4. Let z(y) = 5*d(y) - 4*u(y). Calculate z(-6).
-12
Let d(p) be the second derivative of p**5/20 + p**4/2 + 2*p**3/3 + 3*p**2/2 + 13*p. Suppose -3*c + 9 + 2 = -4*j, -j - 4*c - 17 = 0. What is d(j)?
8
Let d(h) = 4*h**3 + 7*h**2 + h - 7. Let x(q) = -7*q**3 - 14*q**2 - q + 15. Let g(f) = 5*d(f) + 3*x(f). Determine g(-7).
-4
Let f(g) = g**3 + 6*g**2 - 7*g + 2. Let h(b) = b**3 - 17*b**2 + 16. Let u be h(17). Suppose -17 = 5*l - 5*y + 13, -3*l - u = -5*y. Give f(l).
2
Let r(d) be the third derivative of d**4/24 + d**3/3 - 19*d**2. Calculate r(-4).
-2
Let b(v) be the second derivative of -1/20*v**5 + v + 0 + 3/2*v**2 - 5/12*v**4 - 1/2*v**3. Calculate b(-4).
-1
Let q = 15 - 8. Let r be (-4)/(-14) - 2/q. Let m(i) = r*i + 4*i - 3*i - 9*i**2 - 2*i. Determine m(-1).
-8
Let s(p) = p. Suppose -2*u = 2*g + 10, -7*u = -2*u + 3*g + 15. Suppose u = 2*q - 5*q + 72. Suppose -2*h - 5*z + q = 0, 5*z - 18 = 2. What is s(h)?
2
Let n = 11 - 5. Let x(r) = -5*r**2 - 7*r - 6. Let a(k) = -2*k**2 - 2*k - 2. Let g(q) = -8*a(q) + 3*x(q). Give g(n).
4
Let u(j) = j**2 - j - 3. Suppose 0 = 3*b - 5*b - 4*k - 2, -k + 1 = b. Give u(b).
3
Suppose 6 = -11*p + 5*p. Let o(x) = 5*x**2 + 1. What is o(p)?
6
Let l(y) = -10 + 16 - 3*y - 9. Determine l(-3).
6
Let h(s) = 2*s - 10. Let n be h(7). Suppose -35 = 5*k + 2*a - a, -2*k + n*a - 14 = 0. Let r be -2*1 - (-9 - k). Let l(x) 